{"id":15,"date":"2017-07-26T14:58:57","date_gmt":"2017-07-26T14:58:57","guid":{"rendered":"https:\/\/laboratoriomicucci.com.ar\/?page_id=15"},"modified":"2025-08-04T12:29:14","modified_gmt":"2025-08-04T12:29:14","slug":"equipo","status":"publish","type":"page","link":"https:\/\/laboratoriomicucci.com.ar\/?page_id=15","title":{"rendered":"Equipo"},"content":{"rendered":"<div id=\"modal-ready\"><div id=\"su_carousel_69f4f25323051\" class=\"su-carousel su-carousel-centered su-carousel-pages-no su-carousel-responsive-yes\" style=\"width:100%\" data-autoplay=\"3000\" data-speed=\"600\" data-mousewheel=\"false\" data-items=\"1\" data-scroll=\"1\"><div class=\"su-carousel-slides\"><div class=\"su-carousel-slide\"><a><img decoding=\"async\" src=\"https:\/\/laboratoriomicucci.com.ar\/wp-content\/uploads\/2017\/07\/6-582x300.jpg\" alt=\"6\" \/><\/a><\/div><\/div><div class=\"su-carousel-nav\"><div class=\"su-carousel-pagination\"><\/div><\/div><\/div>\n<p>Desde su inicio en 1995, Laboratorio Doctores Micucci ha ido creciendo como una alternativa de elecci\u00f3n ante la necesidad de la comunidad m\u00e9dica de un diagn\u00f3stico bioqu\u00edmico confiable, tanto en la rutina como en la alta complejidad.<\/p>\n<p>Estamos convencidos de que la eficacia en los resultados de nuestro trabajo est\u00e1 respaldada por una atenci\u00f3n servicial, la constante capacitaci\u00f3n profesional, el desaf\u00edo de una tecnolog\u00eda actualizada y un estricto control de calidad.<\/p>\n<div id=\"resaltado-rojo\">NUESTRO EQUIPO DE PROFESIONALES<\/div>\n<div id=\"resaltado-fondo-gris\"><strong>Dr Gabriel MICUCCI, CODIRECTOR<\/strong><br \/>\nBioqu\u00edmico U.B.A. Ex residente del Hospital de Cl\u00ednicas Jos\u00e9 de San Mart\u00edn, con orientaci\u00f3n Inmunolog\u00eda Cl\u00ednica. Trabajos cient\u00edficos presentados en congresos y publicados en revistas, entre ellos, primer premio Congreso Nacional de Reumatolog\u00eda 1996 y primer premio Asociaci\u00f3n M\u00e9dica Hospital de Cl\u00ednicas 1998, medalla de oro.<\/p>\n<p><strong>Dr. Marcelo MICUCCI, CODIRECTOR<\/strong><br \/>\nBioqu\u00edmico U.B.A. Diploma de Honor U.B.A. Ex residente de CEMIC, con orientaci\u00f3n Microbiolog\u00eda Cl\u00ednica. Ex bacteri\u00f3logo de staff de Cl\u00ednica del Sol. Jefe del servicio de Microbiolog\u00eda del Hospital E.F. Erill de Escobar (Pcia de Bs As.). Trabajos cient\u00edficos presentados en congresos y publicados en revistas, tanto a nivel nacional como en el exterior<br \/>\nAmbos han sido coautores en trabajos de investigaci\u00f3n en sus \u00e1reas de trabajo, y siguen en permanente contacto con profesionales referentes y con actividades cient\u00edficas afines.<\/p>\n<p><strong>Dr. Juan Pablo DE SANCTIS<\/strong><br \/>\nBioqu\u00edmico U.B.A.. Formaci\u00f3n de posgrado en Espermogramas<\/p>\n<p><strong>DEPARTAMENTO T\u00c9CNICO:<\/strong><\/p>\n<p style=\"margin: 0cm 0cm 7.5pt 0cm;\">T\u00e9cnica JESSICA ROCHA: Profesional matriculada egresada del Instituto Superior de Ciencias de la Salud, en el a\u00f1o 2001. Amplia experiencia en extracciones de sangre y \u00e1rea t\u00e9cnica de laboratorios de planta y de guardia.<\/p>\n<p><strong>DEPARTAMENTO ADMINISTRATIVO:\u00a0<\/strong><\/p>\n<p>Jefe de Personal:\u00a0\u00a0\u00a0\u00a0 Lic\u00a0 Sonia R. KOSAR<\/p>\n<p>Encargada:\u00a0\u00a0\u00a0\u00a0\u00a0\u00a0\u00a0\u00a0\u00a0\u00a0\u00a0\u00a0\u00a0 Sra Natalia LESSI<\/p>\n<p>Secretarias:\u00a0\u00a0 \u00a0\u00a0\u00a0\u00a0\u00a0\u00a0\u00a0\u00a0\u00a0\u00a0Lorena D\u00cdAZ \u00a0\u00a0\u00a0\u00a0\/\u00a0\u00a0\u00a0\u00a0 Jennifer SIMOES\u00a0\u00a0\u00a0\u00a0 \/\u00a0\u00a0\u00a0\u00a0\u00a0 Estefan\u00eda JAURENA<\/p>\n<p>El compromiso con la fe cristiana que profesamos sienta la base \u00e9tica de acci\u00f3n en cada nivel de la estructura organizativa, siendo nuestro ideal de conducta el principio b\u00edblico de respeto y servicio a los dem\u00e1s.<\/p>\n<\/div>\n<\/div>","protected":false},"excerpt":{"rendered":"<p>Desde su inicio en 1995, Laboratorio Doctores Micucci ha ido creciendo como una alternativa de elecci\u00f3n ante la necesidad de la comunidad m\u00e9dica de un diagn\u00f3stico bioqu\u00edmico confiable, tanto en la rutina como en la alta complejidad. Estamos convencidos de que la eficacia en los resultados de nuestro trabajo est\u00e1 respaldada por una atenci\u00f3n servicial, &hellip;<\/p>\n","protected":false},"author":1,"featured_media":0,"parent":0,"menu_order":0,"comment_status":"closed","ping_status":"closed","template":"","meta":{"footnotes":""},"class_list":["post-15","page","type-page","status-publish","hentry"],"_links":{"self":[{"href":"https:\/\/laboratoriomicucci.com.ar\/index.php?rest_route=\/wp\/v2\/pages\/15","targetHints":{"allow":["GET"]}}],"collection":[{"href":"https:\/\/laboratoriomicucci.com.ar\/index.php?rest_route=\/wp\/v2\/pages"}],"about":[{"href":"https:\/\/laboratoriomicucci.com.ar\/index.php?rest_route=\/wp\/v2\/types\/page"}],"author":[{"embeddable":true,"href":"https:\/\/laboratoriomicucci.com.ar\/index.php?rest_route=\/wp\/v2\/users\/1"}],"replies":[{"embeddable":true,"href":"https:\/\/laboratoriomicucci.com.ar\/index.php?rest_route=%2Fwp%2Fv2%2Fcomments&post=15"}],"version-history":[{"count":39,"href":"https:\/\/laboratoriomicucci.com.ar\/index.php?rest_route=\/wp\/v2\/pages\/15\/revisions"}],"predecessor-version":[{"id":308,"href":"https:\/\/laboratoriomicucci.com.ar\/index.php?rest_route=\/wp\/v2\/pages\/15\/revisions\/308"}],"wp:attachment":[{"href":"https:\/\/laboratoriomicucci.com.ar\/index.php?rest_route=%2Fwp%2Fv2%2Fmedia&parent=15"}],"curies":[{"name":"wp","href":"https:\/\/api.w.org\/{rel}","templated":true}]}}